441 a composite number?
True
Is 20017 a prime number?
False
Is 24517 composite?
False
Is 719402 prime?
False
Is 331729 prime?
False
Is 9701 prime?
False
Is 98801 a composite number?
False
Is 25523 a composite number?
False
Is 525209 a composite number?
False
Is 3299 a composite number?
False
Is 14281 a composite number?
False
Is 44711 a composite number?
False
Is 987697 a composite number?
False
Is 8923 a composite number?
False
Is 11677 a composite number?
False
Is 226961 a composite number?
True
Is 1745 composite?
True
Is 1892329 composite?
False
Is 779299 composite?
True
Is 264029 prime?
True
Is 155387 composite?
False
Is 765887 composite?
True
Is 15859 prime?
True
Is 3389 a prime number?
True
Is 10427 prime?
True
Is 15859 composite?
False
Is 3254 a prime number?
False
Is 1478473 a composite number?
True
Is 9029 a prime number?
True
Is 278195 prime?
False
Is 30367 prime?
True
Is 5389 a composite number?
True
Is 11599 composite?
True
Is 175481 prime?
True
Is 1727891 prime?
False
Is 1783 composite?
False
Is 9517 prime?
False
Is 46537 a composite number?
True
Is 541 a composite number?
False
Is 764399 composite?
False
Is 7727 composite?
False
Is 16817 a prime number?
False
Is 23543 composite?
True
Is 55973 a composite number?
True
Is 3233 a prime number?
False
Is 28187 prime?
False
Is 233891 a composite number?
True
Is 1749067 composite?
False
Is 955 a composite number?
True
Is 10717 a prime number?
False
Is 41339 a prime number?
False
Is 953 a prime number?
True
Is 118709 composite?
False
Is 2843 a composite number?
False
Is 20161 composite?
False
Is 396691 prime?
False
Is 22201 composite?
True
Is 1707229 a prime number?
False
Is 12759 prime?
False
Is 275441 prime?
False
Is 4417 a prime number?
False
Is 12058 composite?
True
Is 801371 composite?
False
Is 752239 composite?
True
Is 41471 a composite number?
True
Is 694093 prime?
False
Is 21118 a prime number?
False
Is 1413305 a composite number?
True
Is 1124518 a prime number?
False
Is 7817 a prime number?
True
Is 89993 prime?
False
Is 93715 prime?
False
Is 1087501 a composite number?
True
Is 226301 prime?
False
Is 9055 a prime number?
False
Is 284369 prime?
True
Is 306643 a prime number?
True
Is 55191 a composite number?
True
Is 1949 a prime number?
True
Is 1973 a composite number?
False
Is 464523 prime?
False
Is 87817 a prime number?
False
Is 8939 prime?
False
Is 4127 composite?
False
Is 4783 prime?
True
Is 217619 a composite number?
False
Is 43213 a prime number?
False
Is 3551 a composite number?
True
Is 11498 composite?
True
Is 393433 a prime number?
False
Is 41219 composite?
True
Is 18721 prime?
False
Is 21763 composite?
True
Is 103405 a composite number?
True
Is 12286 prime?
False
Is 62947 a prime number?
False
Is 167309 composite?
False
Is 15121 a composite number?
False
Is 7328901 a prime number?
False
Is 1229 prime?
True
Is 152169 a composite number?
True
Is 26807 composite?
True
Is 30739 prime?
False
Is 121 prime?
False
Is 27161 a composite number?
True
Is 1087 a prime number?
True
Is 593221 a composite number?
True
Is 111673 composite?
True
Is 8331 a composite number?
True
Is 3309361 a composite number?
True
Is 39937 prime?
True
Is 272171 a prime number?
True
Is 33217 a composite number?
True
Is 14351 a composite number?
True
Is 2159 a prime number?
False
Is 541783 composite?
True
Is 23105 a prime number?
False
Is 66919 composite?
False
Is 2422027 a prime number?
True
Is 7207 a prime number?
True
Is 2219923 a prime number?
True
Is 58309 prime?
True
Is 3587 prime?
False
Is 2041 a composite number?
True
Is 55327 a composite number?
True
Is 513469 composite?
True
Is 102587 a composite number?
False
Is 2393317 composite?
True
Is 32831 composite?
False
Is 3845 a prime number?
False
Is 37579 composite?
False
Is 53513 composite?
True
Is 4829 a composite number?
True
Is 23554 a composite number?
True
Is 1541333 composite?
False
Is 99445 prime?
False
Is 101611 a composite number?
False
Is 11366 a composite number?
True
Is 56919 a composite number?
True
Is 392423 composite?
False
Is 20879 composite?
False
Is 14822 a composite number?
True
Is 200371 composite?
False
Is 3787 composite?
True
Is 1530703 prime?
True
Is 454647 a prime number?
False
Is 18119 a prime number?
True
Is 160309 a prime number?
True
Is 4285 prime?
False
Is 590713 prime?
True
Is 197107 composite?
True
Is 21059 prime?
True
Is 116089 composite?
False
Is 65599 prime?
True
Is 3821 prime?
True
Is 65369 prime?
False
Is 118117 prime?
False
Is 31803 prime?
False
Is 17657 prime?
True
Is 70127 prime?
False
Is 15613 composite?
True
Is 1695953 composite?
True
Is 93551 a prime number?
False
Is 502697 a prime number?
False
Is 30341 a composite number?
False
Is 6331 a composite number?
True
Is 4533 a composite number?
True
Is 10651 prime?
True
Is 49001 composite?
True
Is 892067 a composite number?
True
Is 82321 a prime number?
False
Is 1199351 a composite number?
False
Is 177737 prime?
False
Is 3229 a prime number?
True
Is 52339 a prime number?
False
Is 125447 a composite number?
True
Is 1382519 composite?
False
Is 13901 a composite number?
False
Is 102127 prime?
False
Is 2437 prime?
True
Is 1248997 prime?
False
Is 31333 a prime number?
True
Is 11597 a composite number?
False
Is 119291 composite?
False
Is 13511 a composite number?
True
Is 1735 a composite number?
True
Is 211 a composite number?
False
Is 297317 prime?
True
Is 101078 a composite number?
True
Is 561907 prime?
True
Is 159658 a prime number?
False
Is 1361 a prime number?
True
Is 285949 a composite number?
False
Is 9733 prime?
True
Is 397641 a prime number?
False
Is 49429 prime?
True
Is 31469 prime?
True
Is 1361 prime?
True
Is 13613 prime?
True
Is 18227 prime?
False
Is 2935019 prime?
True
Is 427681 prime?
True
Is 76471 a composite number?
False
Is 78263 prime?
False
Is 1401 a prime number?
False
Is 130729 a composite number?
False
Is 1866635 composite?
True
Is 4424171 a composite number?
False
Is 6401 a composite number?
True
Is 585953 a composite number?
False
Is 39551 prime?
True
Is 55291 a prime number?
True
Is 14019 composite?
True
Is 142141 a prime number?
False
Is 550427 prime?
True
Is 29411 composite?
False
Is 5981 composite?
False
Is 131951 prime?
False
Is 176777 a composite number?
False
Is 9127 a composite number?
False
Is 592693 composite?
False
Is 57797 prime?
False
Is 127447 a composite number?
False
Is 103087 prime?
True
Is 206177 composite?
False
Is 6187 composite?
True
Is 3035761 a composite number?
False
Is 14039 a composite number?
True
Is 1847 prime?
True
Is 116239 composite?
False
Is 13561 prime?
False
Is 461473 composite?
True
Is 934 composite?
True
Is 12227 prime?
True
Is 2411 a prime number?
True
Is 412631 a prime number?
False
Is 641 a prime number?
True
Is 64963 prime?
False
Is 39205 a prime number?
False
Is 17239 a prime number?
True
Is 13223 prime?
False
Is 36137 a composite number?
False
Is 845347 prime?
True
Is 367357 a prime number?
True
Is 425939 a prime number?
True
Is 504227 a composite number?
True
Is 33703 a composite number?
False
Is 10967 prime?
False
Is 580799 a composite number?
True
Is 48847 a composite number?
False
Is 228533 a composite number?
True
Is 3343 composite?
False
Is 2453 composite?
True
Is 33107 prime?
True
Is 75549 composite?
True
Is 37651 a prime number?
False
Is 953 a prime number?
True
Is 422 composite?
True
Is 12106 a composite number?
True
Is 333911 a prime number?
True
Is 5447 a composite number?
True
Is 9871 a composite number?
False
Is 3389 prime?
True
Is 64151 a composite number?
False
Is 60773 a composite number?
False
Is 685141 prime?
True
Is 93683 a prime number?
True
Is 6247 a composite number?
False
Is 28113 a composite number?
True
Is 1246821 a composite number?
True
Is 233009 a prime number?
False
Is 23081 prime?
True
Is 269237 prime?
True
Is 613 composite?
False
Is 21005 prime?
False
Is 15305 a composite number?
True
Is 457 a composite number?
False
Is 85138 composite?
True
Is 882389 a prime number?
True
Is 6079 prime?
True
Is 40693 a composite number?
False
Is 32771 composite?
False
Is 1847 prime?
True
Is 21241 composite?
True
Is 60251 composite?
False
Is 104869 prime?
True
Is 505 prime?
False
Is 583 a prime number?
False
Is 733591 a prime number?
True
Is 150697 composite?
False
Is 188907 prime?
False
I